ide 1823580?
True
Does 528 divide 1694352?
True
Does 631 divide 3724162?
True
Is 649270 a multiple of 10?
True
Does 420 divide 21618660?
True
Is 162 a factor of 54688?
False
Does 75 divide 55384?
False
Is 27316 a multiple of 10?
False
Is 157274 a multiple of 299?
True
Does 18 divide 508644?
True
Is 189 a factor of 148038?
False
Is 93410 a multiple of 52?
False
Is 2679884 a multiple of 124?
False
Is 35328 a multiple of 12?
True
Is 15824666 a multiple of 11?
True
Does 25 divide 7076175?
True
Does 16 divide 687071?
False
Is 927 a factor of 4736970?
True
Does 12 divide 21252?
True
Is 344372 a multiple of 28?
True
Does 167 divide 1063623?
True
Is 232134 a multiple of 26?
False
Does 373 divide 9658490?
False
Is 40 a factor of 1491264?
False
Does 2 divide 46628?
True
Is 1018744 a multiple of 64?
False
Does 3 divide 30745?
False
Does 56 divide 21232?
False
Does 22 divide 67408?
True
Is 20890745 a multiple of 31?
True
Does 1814 divide 3364970?
True
Is 332 a factor of 27888?
True
Is 85 a factor of 479152?
False
Is 1574677 a multiple of 16?
False
Is 21 a factor of 26135?
False
Is 10 a factor of 957655?
False
Is 232 a factor of 210046?
False
Is 790020 a multiple of 380?
True
Is 116930 a multiple of 188?
False
Is 208608 a multiple of 212?
True
Does 10 divide 1664600?
True
Is 47916 a multiple of 198?
True
Is 950242 a multiple of 43?
False
Is 229401 a multiple of 24?
False
Does 10 divide 1249211?
False
Does 91 divide 94230?
False
Does 326 divide 229277?
False
Does 40 divide 183770?
False
Is 3537406 a multiple of 309?
False
Is 120760 a multiple of 20?
True
Is 370389 a multiple of 11?
False
Does 20 divide 2386920?
True
Does 29 divide 3815776?
False
Does 3 divide 657399?
True
Is 448772 a multiple of 302?
True
Does 7 divide 391199?
False
Is 6904735 a multiple of 4?
False
Does 861 divide 9351724?
False
Is 92 a factor of 2034314?
False
Is 3393010 a multiple of 45?
False
Is 232611 a multiple of 17?
True
Is 299 a factor of 446108?
True
Is 69970 a multiple of 5?
True
Does 90 divide 264625?
False
Is 30768 a multiple of 12?
True
Is 813000 a multiple of 150?
True
Is 10 a factor of 432480?
True
Is 161 a factor of 36547?
True
Does 2268 divide 9645804?
True
Does 474 divide 1221498?
True
Is 29 a factor of 143608?
True
Is 565 a factor of 1184240?
True
Is 8 a factor of 1213586?
False
Is 280256 a multiple of 8?
True
Does 324 divide 325620?
True
Is 9240 a multiple of 20?
True
Is 127712 a multiple of 32?
True
Does 182 divide 634998?
True
Is 2391623 a multiple of 4?
False
Does 3 divide 1870?
False
Is 9 a factor of 690021?
True
Is 135 a factor of 1442745?
True
Does 5 divide 31962?
False
Is 98 a factor of 460012?
True
Is 52982 a multiple of 2?
True
Does 247 divide 12832885?
True
Does 52 divide 4331490?
False
Is 47 a factor of 100533?
True
Does 28 divide 310055?
False
Does 76 divide 5302216?
True
Is 14 a factor of 2874677?
False
Is 5134771 a multiple of 15?
False
Is 384 a factor of 1688209?
False
Is 46 a factor of 4692552?
True
Is 213 a factor of 504025?
False
Does 5 divide 22812?
False
Is 20886 a multiple of 138?
False
Is 290655 a multiple of 9?
True
Is 352594 a multiple of 156?
False
Is 506043 a multiple of 177?
True
Is 44 a factor of 120424?
False
Is 1454978 a multiple of 14?
True
Is 173679 a multiple of 19?
True
Is 36084 a multiple of 97?
True
Is 1088631 a multiple of 97?
True
Is 8502006 a multiple of 13?
False
Is 38 a factor of 62852?
True
Is 786 a factor of 4293087?
False
Is 25432 a multiple of 4?
True
Is 13 a factor of 2753673?
True
Does 533 divide 81549?
True
Is 7151840 a multiple of 22?
False
Does 11 divide 60621?
True
Is 56 a factor of 11106401?
False
Is 58 a factor of 411032?
False
Is 4 a factor of 536357?
False
Is 12323 even?
False
Is 55830 a multiple of 10?
True
Is 821 a factor of 314722?
False
Is 9965202 a multiple of 108?
False
Does 13 divide 324077?
True
Is 2086 a factor of 9359882?
True
Does 3 divide 3344140?
False
Does 8 divide 831354?
False
Is 6809536 a multiple of 1733?
False
Is 18 a factor of 3716694?
True
Is 1207270 a multiple of 4?
False
Does 15 divide 753535?
False
Does 3 divide 541449?
True
Does 1058 divide 1105610?
True
Is 80337 a multiple of 3?
True
Is 438 a factor of 13499695?
False
Is 101280 a multiple of 30?
True
Does 1120 divide 5667173?
False
Does 23 divide 125131?
False
Is 14416543 a multiple of 17?
False
Does 133 divide 186235?
False
Is 470046 a multiple of 212?
False
Is 150072 a multiple of 39?
True
Does 12 divide 526676?
False
Is 1404960 a multiple of 30?
True
Is 54540 a multiple of 36?
True
Does 22 divide 1244210?
True
Is 688168 a multiple of 676?
True
Is 35 a factor of 1066045?
False
Is 83 a factor of 121180?
True
Is 66 a factor of 1662413?
False
Is 1728229 a multiple of 170?
False
Is 452 a factor of 954624?
True
Is 1432 a factor of 6600088?
True
Is 7 a factor of 3296517?
True
Is 4893858 a multiple of 18?
True
Does 21 divide 2351814?
False
Is 9977 a multiple of 27?
False
Does 48 divide 341376?
True
Does 66 divide 185612?
False
Is 2044440 a multiple of 648?
True
Is 515 a factor of 8241545?
True
Does 502 divide 4188186?
True
Is 411 a factor of 12741?
True
Is 5722237 a multiple of 39?
False
Is 7450130 a multiple of 29?
False
Does 54 divide 776682?
True
Is 4792312 a multiple of 27?
False
Does 56 divide 41160?
True
Does 149 divide 104002?
True
Does 75 divide 88125?
True
Does 13 divide 1201863?
True
Does 150 divide 272295?
False
Is 117 a factor of 209117?
False
Is 3 a factor of 41352?
True
Is 57134 a multiple of 98?
True
Is 5 a factor of 5826000?
True
Is 16 a factor of 3027936?
True
Is 133722 a multiple of 19?
True
Is 16 a factor of 227230?
False
Is 31545 a multiple of 45?
True
Does 977 divide 10914205?
False
Does 38 divide 206226?
True
Does 622 divide 443542?
False
Does 168 divide 113750?
False
Is 140 a factor of 200303?
False
Does 119 divide 328448?
False
Does 120 divide 3894000?
True
Does 574 divide 6615924?
True
Is 477032 a multiple of 13?
False
Does 14 divide 294182?
True
Does 16 divide 3221228?
False
Does 10 divide 993370?
True
Does 6 divide 6342228?
True
Is 2683642 a multiple of 568?
False
Is 40 a factor of 399640?
True
Is 1422040 a multiple of 63?
False
Does 193 divide 5704931?
False
Is 22459 a multiple of 21?
False
Does 67 divide 168371?
True
Is 4 a factor of 1640672?
True
Does 111 divide 7375667?
False
Does 776 divide 225816?
True
Is 72139 even?
False
Does 11 divide 188532?
False
Is 566009 a multiple of 2?
False
Does 571 divide 634381?
True
Is 24544 a multiple of 104?
True
Is 327 a factor of 122625?
True
Is 671 a factor of 1140998?
False
Is 345332 a multiple of 52?
True
Is 14 a factor of 288275?
False
Does 322 divide 148764?
True
Does 16 divide 640959?
False
Is 127724 a multiple of 139?
False
Is 156 a factor of 864083?
False
Is 14251456 a multiple of 16?
True
Is 23 a factor of 190472?
False
Is 147254 a multiple of 142?
True
Is 11498345 a multiple of 186?
False
Does 24 divide 1490714?
False
Does 77 divide 2407020?
True
Is 2217324 a multiple of 6?
True
Is 278 a factor of 2224834?
True
Is 40600 a multiple of 50?
True
Is 68 a factor of 8867694?
False
Does 83 divide 11679926?
True
Is 1110098 a multiple of 279?
False
Does 29 divide 1162586?
False
Is 1701343 a multiple of 79?
False
Does 21 divide 5728170?
True
Is 208 a factor of 585946?
False
Is 13 a factor of 382915?
True
Does 33 divide 6738600?
True
Is 162 a factor of 2862874?
False
Is 134 a factor of 273101?
False
Is 4 a factor of 395515?
False
Does 320 divide 17114?
False
Is 815340 a multiple of 254?
True
Does 189 divide 73225?
False
Is 50 a factor of 5746602?
False
Does 66 divide 204270?
True
Does 124 divide 2879280?
True
Is 1826286 a multiple of 67?
True
Does 30 divide 163980?
True
Is 6 a factor of 130494?
True
Does 13 divide 3426449?
True
Is 2273183 a multiple of 430?
False
Is 65 a factor of 187915?
True
Is 22 a factor of 300095?
False
Does 73 divide 32098?
False
Does 6 divide 147090?
True
Is 860097 a multiple of 78?
False
Is 319 a factor of 80707?
True
Does 147 divide 28186?
False
Is 64 a factor of 26176?
True
Does 155 divide 2823219?
False
Is 33 a factor of 58629?
False
Does 20 divide 50879?
False
Does 10 divide 3862705?
False
Does 15 divide 1751492?
False
Is 1176700 a multiple of 1148?
True
Is 237673 a multiple of 6?
False
Does 1064 divide 2745120?
True
Is 751140 a multiple of 15?
Tr